 Let n = c - -2203. What is the tens digit of n?
5
Let a = 321 - 121. Let d = a - 122. What is the tens digit of d?
7
Suppose 3*o = r - 1, 4*r - 4*o - 3 = 1. Suppose -b + r + 3 = 0. Suppose 0 = -b*c + 2*n + 134, -n - 111 = -3*c + 4*n. What is the units digit of c?
2
Suppose -18*h + 13*h + v = -17674, 3*h + 5*v - 10610 = 0. What is the tens digit of h?
3
Let q = -3605 + 5408. What is the thousands digit of q?
1
Suppose -3*d - 3595 = -4*j + 3*j, -d - 7205 = -2*j. Suppose -4*r + j = 584. What is the units digit of r?
5
Let h(q) = q**3 + 5*q**2 - 4*q + 14. Suppose -5*u - 1 - 29 = 0. Let s be h(u). Suppose -4*i = -3*r + 8*r - 674, 5*i = s*r + 826. What is the tens digit of i?
6
Suppose 5*z + 4 - 14 = 0. Suppose -z*p + 9 - 5 = 0. What is the tens digit of (3 + 0 - -16)*(3 - p)?
1
Let b = 40 - -323. Suppose 3*w + 0 = b. Let z = 216 - w. What is the units digit of z?
5
Suppose -q = -5*m + 124, 0 = -0*q - 4*q + 3*m - 428. Let t be -232*(-5 - -4) - (-33 - -31). Let x = q + t. What is the tens digit of x?
3
Let g be (0 - -13 - 1) + (13 - 10). Suppose -17*z + 138 = -g*z. Suppose 109 = -z*q + 70*q. What is the units digit of q?
9
Suppose 5*r = -3*b + 475, -12*b + 7*b - 3*r = -797. Let d = -1 - -1. Suppose 2*w - 4*n + d*n = b, 4*w = -4*n + 356. What is the tens digit of w?
8
Let r be (1 - 4 - (-5 - -1))*-3. Let i be 4/(6/(-3))*-16. Let c = r + i. What is the tens digit of c?
2
Let f(b) = -124*b**3 - b**2 + 4*b - 6. Let a(k) = -61*k**3 - k**2 + 2*k - 3. Let g(c) = -5*a(c) + 2*f(c). What is the units digit of g(2)?
7
Let n(x) = 2*x**3 - 9*x**2 - 6*x + 8. Let t be n(5). Suppose t*i + 510 = -4*s + 6*s, 4*s - 2*i - 1012 = 0. What is the tens digit of s?
5
Let g(n) = 96*n**3 + 13*n**2 - 133*n + 361. What is the tens digit of g(4)?
8
Let m(n) = -2*n**3 + 232*n**2 - 59*n + 56. What is the tens digit of m(114)?
1
What is the tens digit of 9876 - -2 - (4 + (-7 - -8))?
7
Let g(w) = 6*w + 47. Let k be g(-7). Suppose 30 = i + k*i. Suppose -3*v + 117 = -4*n - 58, 4*v - i*n - 234 = 0. What is the tens digit of v?
6
Let z = 13725 + -8230. What is the thousands digit of z?
5
Let p be (1*5/(-15))/((-1)/6). Suppose 5*g - 6*g - q = -1335, p*q = 5*g - 6682. What is the units digit of g?
6
Let a be (-28)/(-84) + (-1)/(9/(-15)). Suppose -16 = -a*o - 6, -5*v = o - 4470. What is the units digit of v?
3
Let h(p) = 3*p**3 - 158*p**2 + 47*p + 145. What is the tens digit of h(53)?
4
Let c = 23225 - 15762. What is the hundreds digit of c?
4
Suppose 2658 = 487*y - 499*y + 47802. What is the hundreds digit of y?
7
Let m = -541 + 545. Suppose -1290 = -3*k - 2*y, -4*y - 1275 = -3*k - y. Suppose 0 = 5*l + 5, 0 = m*j - 2*l - 106 - k. What is the tens digit of j?
3
Let h(q) = -451*q - 7750. What is the tens digit of h(-114)?
6
Let b = 141 + -48. Let n be b/33 - 14/(-77). Suppose -n*v = 2*q - 316, 50 + 156 = 2*v - q. What is the tens digit of v?
0
Let h = 62 - 70. Let x be (-539)/h + (-39)/104. Let a = x - 20. What is the tens digit of a?
4
Let s be (-2)/4 + 1/2 - -214. Let z = s - 212. What is the units digit of z?
2
Let r be 15 - 0/(-1 - (1 - 1)). Suppose -4*b + 22 = -5*g - r, 19 = 2*b - 3*g. Let q = b - -93. What is the units digit of q?
1
Let w be 83/2 - 3/2. Let o = -40 + w. Suppose 7*h - 8*h + 24 = o. What is the tens digit of h?
2
Suppose 789*m + 644721 = 866*m. What is the units digit of m?
3
Suppose 756 = -h - 3*h. Suppose -5*w = -4*m + 278, 4*m + 102 - 2 = -2*w. Let j = w - h. What is the hundreds digit of j?
1
Suppose -3*w + 11*g = 6*g + 56, 5*g = 20. What is the tens digit of (3462/w)/(3/(-6))?
7
Suppose 4*p - 5726 = -y + 15168, -y = -4*p - 20934. What is the units digit of y?
4
Let i(x) be the third derivative of x**5/30 - x**4/12 + x**3 + 44*x**2. Suppose -3*j + m + 7 = 0, 0 = 2*j + 2*m + 6 - 16. What is the units digit of i(j)?
8
Let g(n) = -5 + 15 + 4*n - 7 + n**2 - 4. Let j be g(-5). Suppose 0 = w + j*m - 37, w + 3*m - 99 = -w. What is the tens digit of w?
5
Let n = -132 + 4754. What is the units digit of n?
2
Let a(t) = -29*t + 57. Let m be a(-9). What is the units digit of (-2)/(-5) - 9/((-270)/m)?
1
Let y(p) = p**3 - 5*p**2 - p - 22. Let k be y(6). Suppose 4*b - 3*t - 307 = 0, 4*b - k*t - 277 = -11*t. What is the tens digit of b?
7
Let x(r) = -r**3 + 31*r**2 + 69*r - 101. Let v be x(33). What is the hundreds digit of (15873/(-99))/(v/12)?
9
Suppose 0 = -0*p - 2*p - 4*p + 44802. What is the tens digit of p?
6
Suppose 2463 = 2*k - 3*o, -4*k - k - 2*o = -6205. Suppose -4*a + w + 992 = 0, -6*w + 5*w = -5*a + k. What is the tens digit of a?
4
Let t(u) be the third derivative of u**6/9 - u**5/30 - u**4/4 + 5*u**2. Let k(q) be the second derivative of t(q). What is the tens digit of k(2)?
5
Suppose 3*a = -3*o + 24549, 5*o - 35615 = -a + 5292. What is the thousands digit of o?
8
Suppose 0 = -4*r - 0*r - q + 17, -3*r + 3 = 4*q. Suppose -y = -4, -5*y = r*p - 886 - 324. What is the tens digit of p?
3
Suppose -52*p = -20*p + 11*p - 274899. What is the tens digit of p?
9
What is the thousands digit of 71866235/8235 + 2/27?
8
Suppose 67*d = 14*d + 461524. What is the units digit of d?
8
Suppose -2*l + 70 = -4*l. Let b be (-95)/l + (-4)/(-14). Suppose 4*z = 4*g + z - 165, 0 = 4*g + b*z - 147. What is the units digit of g?
9
Let h(c) = c**3 + 7*c**2 - 8*c + 1. Let r be h(-6). Let q = r - 49. Let a = q - 25. What is the units digit of a?
1
What is the ten thousands digit of 68021/6 - 50/(-24)*(-212)/530?
1
Suppose -136*j + 132*j - 3*b = -107313, -26852 = -j + 4*b. What is the units digit of j?
2
Let o be 22/6 - (-11)/((-132)/8). Let l(u) = -42*u - 32. Let a(c) = 21*c + 16. Let f(t) = o*l(t) + 5*a(t). What is the tens digit of f(-3)?
4
Let s = 81 - 81. Suppose 0*z + 18*z - 4482 = s. What is the units digit of z?
9
Let t(v) = v**2 + 22*v + 144. Let o be t(-12). Suppose -o*k + 16830 = -2*k. What is the units digit of k?
5
Let t = -37074 - -63898. What is the tens digit of t?
2
Let c be 6*15/10*1/3. Suppose -81 = 3*v - v - c*j, -44 = v + 2*j. What is the units digit of (-1)/5 + v/(-35)?
1
Suppose -5*t = -3*v + 11, 0 = -5*v - 4*t + 7*t + 45. Let f(y) = 2*y**2 - 11*y - 17. Let m be f(v). What is the hundreds digit of (1 - (-2 - 1)) + m?
1
Let y(g) = -2*g**3 - g**2 - 4*g + 1. Let q be y(2). Let h = -24 - q. Suppose -101 = h*x - 380. What is the tens digit of x?
9
Let a = 10126 - -426. What is the thousands digit of a?
0
Suppose 0 = 139*j - 136*j + 2*u - 107701, 0 = 2*j + 5*u - 71775. What is the ten thousands digit of j?
3
Let x = 14905 - 14909. Let d be (36 + -1)/(2/366). What is the units digit of x/18 + d/27?
7
Let c(x) be the second derivative of 29*x**5/20 + x**4/6 + x**3/3 - 2*x**2 - 12*x. What is the tens digit of c(3)?
0
Let g(l) be the first derivative of 2 - 1/2*l**2 + 3*l. What is the units digit of g(-6)?
9
Let k = -1600 + 824. Let x = -380 - k. What is the units digit of x?
6
Let r(l) = -1160*l + 13659. What is the ten thousands digit of r(-42)?
6
Suppose -19*s = -24*s - 10. What is the tens digit of 17/((-17)/252)*(1 + s)?
5
What is the tens digit of 2/(8*8/224) + 840?
4
Suppose 3*l = 4*l + 6. Let t be 1/((-10)/l*(-3)/(-15)). What is the units digit of (t/2)/((-9)/(-588))?
8
Let i(n) = 2*n**2 - 3*n + 13. Let b = 256 + -240. What is the hundreds digit of i(b)?
4
Let q(j) = -118*j + 1006. Let z(v) = 41*v - 335. Let s(a) = -2*q(a) - 7*z(a). What is the thousands digit of s(-18)?
1
Let f be (-160)/(-56) + 1/7. Suppose 4*u - 3*m - 5637 = -1154, -f*u - 3*m = -3336. What is the thousands digit of u?
1
Suppose 0 = -3*g, 2*w - 2*g + g = -2*g + 4936. What is the thousands digit of w?
2
Let g(s) = -s**3 - 2*s**2 - 2*s. Let v be g(-4). Let d = v - 37. Suppose -d*f + 4*b = -57, -f + 75 = 3*f - 5*b. What is the units digit of f?
5
Suppose -2*h = -5*v + 238, -v = -3*h - 285 - 98. Let m = 684 - 449. Let j = h + m. What is the tens digit of j?
0
Let y be (132389 - -11)/10*(2 + 0). What is the units digit of y/25 + (2 - 66/30)?
9
Let w(z) = 3*z + 52. Let x be w(-18). What is the hundreds digit of 0 + -4 - -277 - (2 - x)?
2
Let g(r) = 526*r**2 + 249*r + 1280. What is the tens digit of g(-5)?
8
Suppose -4*r - 19*j = -17*j + 70, -j = -1. What is the tens digit of (-5 - r - 12)/(1/95)?
9
Let g = 3677 + -8366. What is the tens digit of ((-1)/3)/((-9375)/g + -2)?
2
Let l(q) = -60*q**3 - 21*q**2 - 78*q +